[INFO] cloning repository https://github.com/Minizinger/i3langlayout-rs
[INFO] running `Command { std: "git" "-c" "credential.helper=" "-c" "credential.helper=/workspace/cargo-home/bin/git-credential-null" "clone" "--bare" "https://github.com/Minizinger/i3langlayout-rs" "/workspace/cache/git-repos/https%3A%2F%2Fgithub.com%2FMinizinger%2Fi3langlayout-rs", kill_on_drop: false }`
[INFO] [stderr] Cloning into bare repository '/workspace/cache/git-repos/https%3A%2F%2Fgithub.com%2FMinizinger%2Fi3langlayout-rs'...
[INFO] running `Command { std: "git" "rev-parse" "HEAD", kill_on_drop: false }`
[INFO] [stdout] 2bcdd67c61bed0dbe8c0ffb8d19a633b2a8a58fa
[INFO] checking Minizinger/i3langlayout-rs against try#72f88fc4e9458f89516a0b8b0868f3718aec5b47 for pr-74989
[INFO] running `Command { std: "git" "clone" "/workspace/cache/git-repos/https%3A%2F%2Fgithub.com%2FMinizinger%2Fi3langlayout-rs" "/workspace/builds/worker-8/source", kill_on_drop: false }`
[INFO] [stderr] Cloning into '/workspace/builds/worker-8/source'...
[INFO] [stderr] done.
[INFO] validating manifest of git repo https://github.com/Minizinger/i3langlayout-rs on toolchain 72f88fc4e9458f89516a0b8b0868f3718aec5b47
[INFO] running `Command { std: "/workspace/cargo-home/bin/cargo" "+72f88fc4e9458f89516a0b8b0868f3718aec5b47" "read-manifest" "--manifest-path" "Cargo.toml", kill_on_drop: false }`
[INFO] started tweaking git repo https://github.com/Minizinger/i3langlayout-rs
[INFO] finished tweaking git repo https://github.com/Minizinger/i3langlayout-rs
[INFO] tweaked toml for git repo https://github.com/Minizinger/i3langlayout-rs written to /workspace/builds/worker-8/source/Cargo.toml
[INFO] crate git repo https://github.com/Minizinger/i3langlayout-rs already has a lockfile, it will not be regenerated
[INFO] running `Command { std: "/workspace/cargo-home/bin/cargo" "+72f88fc4e9458f89516a0b8b0868f3718aec5b47" "fetch" "--locked" "--manifest-path" "Cargo.toml", kill_on_drop: false }`
[INFO] [stderr]  Downloading crates ...
[INFO] [stderr]   Downloaded debug-builders v0.1.0
[INFO] [stderr]   Downloaded unix_socket v0.4.6
[INFO] [stderr]   Downloaded num-bigint v0.1.39
[INFO] [stderr]   Downloaded byteorder v0.3.13
[INFO] [stderr]   Downloaded nom v3.1.0
[INFO] [stderr]   Downloaded config v0.6.0
[INFO] [stderr]   Downloaded serde_json v0.6.1
[INFO] [stderr]   Downloaded num v0.1.39
[INFO] [stderr]   Downloaded num-complex v0.1.38
[INFO] [stderr]   Downloaded gdk v0.5.3
[INFO] [stderr]   Downloaded aster v0.38.0
[INFO] [stderr]   Downloaded quasi_codegen v0.29.0
[INFO] [stderr]   Downloaded libc v0.1.12
[INFO] [stderr]   Downloaded png v0.7.0
[INFO] [stderr]   Downloaded bindgen v0.22.1
[INFO] [stderr]   Downloaded gio-sys v0.3.4
[INFO] [stderr]   Downloaded syntex_syntax v0.54.0
[INFO] [stderr]   Downloaded clang-sys v0.14.1
[INFO] [stderr]   Downloaded c_vec v1.2.1
[INFO] [stderr]   Downloaded nom v1.2.4
[INFO] [stderr]   Downloaded quasi v0.29.0
[INFO] [stderr]   Downloaded syntex v0.54.0
[INFO] [stderr]   Downloaded syntex_pos v0.54.0
[INFO] [stderr]   Downloaded serde v0.6.15
[INFO] [stderr]   Downloaded gtk-sys v0.3.4
[INFO] [stderr]   Downloaded atk-sys v0.3.4
[INFO] [stderr]   Downloaded gdk-pixbuf v0.1.3
[INFO] [stderr]   Downloaded cairo-rs v0.1.3
[INFO] [stderr]   Downloaded gdk-sys v0.3.4
[INFO] [stderr]   Downloaded gdk-pixbuf-sys v0.3.4
[INFO] [stderr]   Downloaded glib-sys v0.3.4
[INFO] [stderr]   Downloaded cairo-sys-rs v0.3.4
[INFO] [stderr]   Downloaded pango-sys v0.3.4
[INFO] [stderr]   Downloaded cairo v0.0.4
[INFO] [stderr]   Downloaded pango v0.1.3
[INFO] [stderr]   Downloaded gobject-sys v0.3.4
[INFO] [stderr]   Downloaded libappindicator-sys v0.1.1
[INFO] [stderr]   Downloaded cexpr v0.2.0
[INFO] [stderr]   Downloaded gio v0.1.3
[INFO] [stderr]   Downloaded glib v0.1.3
[INFO] [stderr]   Downloaded libappindicator v0.2.0
[INFO] [stderr]   Downloaded gtk v0.1.3
[INFO] [stderr]   Downloaded linux_raw_input_rs v0.1.5
[INFO] [stderr]   Downloaded i3ipc v0.4.2
[INFO] [stderr]   Downloaded systray v0.2.0
[INFO] [stderr]   Downloaded syntex_errors v0.54.0
[INFO] running `Command { std: "docker" "create" "-v" "/var/lib/crater-agent-workspace/builds/worker-8/target:/opt/rustwide/target:rw,Z" "-v" "/var/lib/crater-agent-workspace/builds/worker-8/source:/opt/rustwide/workdir:ro,Z" "-v" "/var/lib/crater-agent-workspace/cargo-home:/opt/rustwide/cargo-home:ro,Z" "-v" "/var/lib/crater-agent-workspace/rustup-home:/opt/rustwide/rustup-home:ro,Z" "-e" "SOURCE_DIR=/opt/rustwide/workdir" "-e" "CARGO_TARGET_DIR=/opt/rustwide/target" "-e" "CARGO_HOME=/opt/rustwide/cargo-home" "-e" "RUSTUP_HOME=/opt/rustwide/rustup-home" "-w" "/opt/rustwide/workdir" "-m" "1610612736" "--user" "0:0" "--network" "none" "rustops/crates-build-env@sha256:d92eaeed33fa75130ca1ee6c8a01d1ffb62bac859dfdfb3450e3e5d1c0146529" "/opt/rustwide/cargo-home/bin/cargo" "+72f88fc4e9458f89516a0b8b0868f3718aec5b47" "metadata" "--no-deps" "--format-version=1", kill_on_drop: false }`
[INFO] [stdout] fdbdd77f510536f1dc4ca243423379d74d69ea29fd7f88072f1640e621ada44a
[INFO] [stderr] WARNING: Your kernel does not support swap limit capabilities or the cgroup is not mounted. Memory limited without swap.
[INFO] running `Command { std: "docker" "start" "-a" "fdbdd77f510536f1dc4ca243423379d74d69ea29fd7f88072f1640e621ada44a", kill_on_drop: false }`
[INFO] running `Command { std: "docker" "inspect" "fdbdd77f510536f1dc4ca243423379d74d69ea29fd7f88072f1640e621ada44a", kill_on_drop: false }`
[INFO] running `Command { std: "docker" "rm" "-f" "fdbdd77f510536f1dc4ca243423379d74d69ea29fd7f88072f1640e621ada44a", kill_on_drop: false }`
[INFO] [stdout] fdbdd77f510536f1dc4ca243423379d74d69ea29fd7f88072f1640e621ada44a
[INFO] running `Command { std: "docker" "create" "-v" "/var/lib/crater-agent-workspace/builds/worker-8/target:/opt/rustwide/target:rw,Z" "-v" "/var/lib/crater-agent-workspace/builds/worker-8/source:/opt/rustwide/workdir:ro,Z" "-v" "/var/lib/crater-agent-workspace/cargo-home:/opt/rustwide/cargo-home:ro,Z" "-v" "/var/lib/crater-agent-workspace/rustup-home:/opt/rustwide/rustup-home:ro,Z" "-e" "SOURCE_DIR=/opt/rustwide/workdir" "-e" "CARGO_TARGET_DIR=/opt/rustwide/target" "-e" "CARGO_INCREMENTAL=0" "-e" "RUST_BACKTRACE=full" "-e" "RUSTFLAGS=--cap-lints=forbid" "-e" "CARGO_HOME=/opt/rustwide/cargo-home" "-e" "RUSTUP_HOME=/opt/rustwide/rustup-home" "-w" "/opt/rustwide/workdir" "-m" "1610612736" "--user" "0:0" "--network" "none" "rustops/crates-build-env@sha256:d92eaeed33fa75130ca1ee6c8a01d1ffb62bac859dfdfb3450e3e5d1c0146529" "/opt/rustwide/cargo-home/bin/cargo" "+72f88fc4e9458f89516a0b8b0868f3718aec5b47" "check" "--frozen" "--all" "--all-targets" "--message-format=json", kill_on_drop: false }`
[INFO] [stdout] 8c8796877e7110ed8afebd25ce4fe7bf234012e76dcd24773877a03f0e1aecb1
[INFO] [stderr] WARNING: Your kernel does not support swap limit capabilities or the cgroup is not mounted. Memory limited without swap.
[INFO] running `Command { std: "docker" "start" "-a" "8c8796877e7110ed8afebd25ce4fe7bf234012e76dcd24773877a03f0e1aecb1", kill_on_drop: false }`
[INFO] [stderr]    Compiling pkg-config v0.3.9
[INFO] [stderr]    Compiling libc v0.2.24
[INFO] [stderr]     Checking bitflags v0.8.2
[INFO] [stderr]    Compiling siphasher v0.2.2
[INFO] [stderr]    Compiling rustc-serialize v0.3.24
[INFO] [stderr]    Compiling log v0.3.8
[INFO] [stderr]    Compiling term v0.4.5
[INFO] [stderr]    Compiling bitflags v0.7.0
[INFO] [stderr]     Checking num-traits v0.1.39
[INFO] [stderr]    Compiling dtoa v0.4.1
[INFO] [stderr]    Compiling serde v0.9.15
[INFO] [stderr]    Compiling itoa v0.3.1
[INFO] [stderr]     Checking lazy_static v0.2.8
[INFO] [stderr]    Compiling void v1.0.2
[INFO] [stderr]    Compiling glob v0.2.11
[INFO] [stderr]    Compiling utf8-ranges v1.0.0
[INFO] [stderr]    Compiling regex-syntax v0.4.1
[INFO] [stderr]    Compiling unicode-width v0.1.4
[INFO] [stderr]    Compiling vec_map v0.8.0
[INFO] [stderr]    Compiling unicode-segmentation v1.2.0
[INFO] [stderr]    Compiling nom v1.2.4
[INFO] [stderr]    Compiling cairo-rs v0.1.3
[INFO] [stderr]    Compiling gio v0.1.3
[INFO] [stderr]    Compiling gdk-pixbuf v0.1.3
[INFO] [stderr]    Compiling cfg-if v0.1.1
[INFO] [stderr]    Compiling gdk v0.5.3
[INFO] [stderr]     Checking c_vec v1.2.1
[INFO] [stderr]    Compiling gtk v0.1.3
[INFO] [stderr]     Checking adler32 v1.0.0
[INFO] [stderr]     Checking byteorder v1.0.0
[INFO] [stderr]     Checking debug-builders v0.1.0
[INFO] [stderr]     Checking inflate v0.2.0
[INFO] [stderr]     Checking byteorder v0.3.13
[INFO] [stderr]    Compiling unreachable v0.1.1
[INFO] [stderr]    Compiling phf_shared v0.7.21
[INFO] [stderr]    Compiling rand v0.3.15
[INFO] [stderr]    Compiling memchr v1.0.1
[INFO] [stderr]    Compiling thread-id v3.1.0
[INFO] [stderr]    Compiling term_size v0.3.0
[INFO] [stderr]    Compiling atty v0.2.2
[INFO] [stderr]     Checking num-integer v0.1.34
[INFO] [stderr]     Checking num-complex v0.1.38
[INFO] [stderr]    Compiling glib-sys v0.3.4
[INFO] [stderr]    Compiling gobject-sys v0.3.4
[INFO] [stderr]    Compiling gio-sys v0.3.4
[INFO] [stderr]    Compiling cairo-sys-rs v0.3.4
[INFO] [stderr]    Compiling gdk-pixbuf-sys v0.3.4
[INFO] [stderr]    Compiling pango-sys v0.3.4
[INFO] [stderr]    Compiling gdk-sys v0.3.4
[INFO] [stderr]    Compiling atk-sys v0.3.4
[INFO] [stderr]    Compiling gtk-sys v0.3.4
[INFO] [stderr]    Compiling cexpr v0.2.0
[INFO] [stderr]     Checking unix_socket v0.4.6
[INFO] [stderr]     Checking deflate v0.7.11
[INFO] [stderr]    Compiling phf v0.7.21
[INFO] [stderr]    Compiling thread_local v0.3.3
[INFO] [stderr]     Checking serde_json v1.0.2
[INFO] [stderr]    Compiling aho-corasick v0.6.3
[INFO] [stderr]    Compiling clap v2.24.2
[INFO] [stderr]    Compiling clang-sys v0.14.1
[INFO] [stderr]     Checking nom v3.1.0
[INFO] [stderr]     Checking num-iter v0.1.33
[INFO] [stderr]     Checking num-bigint v0.1.39
[INFO] [stderr]    Compiling phf_generator v0.7.21
[INFO] [stderr]    Compiling phf_codegen v0.7.21
[INFO] [stderr]     Checking linux_raw_input_rs v0.1.5
[INFO] [stderr]    Compiling regex v0.2.2
[INFO] [stderr]     Checking png v0.7.0
[INFO] [stderr]    Compiling target_build_utils v0.3.1
[INFO] [stderr]     Checking num-rational v0.1.38
[INFO] [stderr]    Compiling syntex_pos v0.54.0
[INFO] [stderr]     Checking num v0.1.39
[INFO] [stderr]     Checking config v0.6.0
[INFO] [stderr]     Checking serde v0.6.15
[INFO] [stderr]     Checking cairo v0.0.4
[INFO] [stderr]    Compiling syntex_errors v0.54.0
[INFO] [stderr]    Compiling env_logger v0.4.3
[INFO] [stderr]     Checking glib v0.1.3
[INFO] [stderr]    Compiling syntex_syntax v0.54.0
[INFO] [stdout] error[E0119]: conflicting implementations of trait `value::SetValueOptional` for type `&_`:
[INFO] [stdout]    --> /opt/rustwide/cargo-home/registry/src/github.com-1ecc6299db9ec823/glib-0.1.3/src/value.rs:509:1
[INFO] [stdout]     |
[INFO] [stdout] 478 | impl<'a, T: ?Sized + SetValueOptional> SetValueOptional for &'a T {
[INFO] [stdout]     | ----------------------------------------------------------------- first implementation here
[INFO] [stdout] ...
[INFO] [stdout] 509 | impl<T: IsA<Object>> SetValueOptional for T {
[INFO] [stdout]     | ^^^^^^^^^^^^^^^^^^^^^^^^^^^^^^^^^^^^^^^^^^^ conflicting implementation for `&_`
[INFO] [stdout]     |
[INFO] [stdout]     = note: downstream crates may implement trait `object::IsA<object::Object>` for type `&_`
[INFO] [stdout] 
[INFO] [stdout] 
[INFO] [stdout] error[E0119]: conflicting implementations of trait `value::SetValue` for type `&_`:
[INFO] [stdout]    --> /opt/rustwide/cargo-home/registry/src/github.com-1ecc6299db9ec823/glib-0.1.3/src/value.rs:503:1
[INFO] [stdout]     |
[INFO] [stdout] 472 | impl<'a, T: ?Sized + SetValue> SetValue for &'a T {
[INFO] [stdout]     | ------------------------------------------------- first implementation here
[INFO] [stdout] ...
[INFO] [stdout] 503 | impl<T: IsA<Object>> SetValue for T {
[INFO] [stdout]     | ^^^^^^^^^^^^^^^^^^^^^^^^^^^^^^^^^^^ conflicting implementation for `&_`
[INFO] [stdout]     |
[INFO] [stdout]     = note: downstream crates may implement trait `object::IsA<object::Object>` for type `&_`
[INFO] [stdout] 
[INFO] [stdout] 
[INFO] [stderr]    Compiling serde_json v0.9.10
[INFO] [stdout] error: aborting due to 2 previous errors
[INFO] [stdout] 
[INFO] [stdout] 
[INFO] [stdout] For more information about this error, try `rustc --explain E0119`.
[INFO] [stdout] 
[INFO] [stderr] error: could not compile `glib`.
[INFO] [stderr] 
[INFO] [stderr] To learn more, run the command again with --verbose.
[INFO] [stderr] warning: build failed, waiting for other jobs to finish...
[INFO] [stdout] error[E0423]: expected function, tuple struct or tuple variant, found struct `ast::Name`
[INFO] [stdout]    --> /opt/rustwide/cargo-home/registry/src/github.com-1ecc6299db9ec823/syntex_syntax-0.54.0/src/symbol.rs:146:27
[INFO] [stdout]     |
[INFO] [stdout] 146 |                       name: ast::Name($index),
[INFO] [stdout]     |                             ^^^^^^^^^
[INFO] [stdout] ...
[INFO] [stdout] 165 | / declare_keywords! {
[INFO] [stdout] 166 | |     // Invalid identifier
[INFO] [stdout] 167 | |     (0,  Invalid,        "")
[INFO] [stdout] 168 | |
[INFO] [stdout] ...   |
[INFO] [stdout] 231 | |     (56, CrateRoot, "{{root}}")
[INFO] [stdout] 232 | | }
[INFO] [stdout]     | |_- in this macro invocation
[INFO] [stdout]     |
[INFO] [stdout]     = note: this error originates in a macro (in Nightly builds, run with -Z macro-backtrace for more info)
[INFO] [stdout] 
[INFO] [stdout] 
[INFO] [stdout] error: aborting due to previous error
[INFO] [stdout] 
[INFO] [stdout] 
[INFO] [stdout] For more information about this error, try `rustc --explain E0423`.
[INFO] [stdout] 
[INFO] [stderr] error: build failed
[INFO] running `Command { std: "docker" "inspect" "8c8796877e7110ed8afebd25ce4fe7bf234012e76dcd24773877a03f0e1aecb1", kill_on_drop: false }`
[INFO] running `Command { std: "docker" "rm" "-f" "8c8796877e7110ed8afebd25ce4fe7bf234012e76dcd24773877a03f0e1aecb1", kill_on_drop: false }`
[INFO] [stdout] 8c8796877e7110ed8afebd25ce4fe7bf234012e76dcd24773877a03f0e1aecb1
